 (-1 + p + 5) is divided by 12.
10
Let c(p) = -2*p**2 + 31*p + 17. What is the remainder when c(13) is divided by 28?
26
Suppose -4*k + 13 = -2*k - 3*l, 0 = -3*k - 4*l - 6. What is the remainder when 15 is divided by k?
1
Let u(x) = -x + 1. Let v(c) = -c**3 - 8*c**2 + 3*c + 9. Let o be v(-9). Suppose o = -0*w + 3*w. Calculate the remainder when w is divided by u(-5).
3
Let r = 54 + -45. What is the remainder when 33 is divided by r?
6
Let n(c) = -c**2 + 6*c + 7. Calculate the remainder when n(5) is divided by 8.
4
Let r(h) = h**3 - 9*h**2 + 10*h - 11. What is the remainder when 7 is divided by r(8)?
2
Let c(k) = -k**2 - 10*k - 5. Let s(z) = -z**2 - 2*z - 4. Let n be s(-3). Let w = -11 - -17. What is the remainder when c(n) is divided by w?
4
Suppose 237 = 3*v + 3*a, 3*a = 2*a + 1. Calculate the remainder when v is divided by 27.
24
Suppose -t + 17 = r, 5*r = 13 + 2. What is the remainder when 38 is divided by t?
10
Let i(v) = v**3 + 9*v**2 + 4*v + 9. Calculate the remainder when i(-8) is divided by 22.
19
Let j be (-14)/(0 + (-2)/2). Let x = 25 - j. Suppose 0 = -2*l + 8 + 4. Calculate the remainder when x is divided by l.
5
Suppose 232 = 7*z + 92. What is the remainder when z is divided by 7?
6
Let j(s) = -s + 3. Let z be j(-3). Let q = 20 - z. Calculate the remainder when 41 is divided by q.
13
Calculate the remainder when (1 - 0/1) + 28 is divided by (-904)/(-56) + (-12)/(-14) + -1.
13
Let d(i) = -4*i - 7. Let h be d(-9). Let t = h + -13. What is the remainder when t is divided by 9?
7
Let q(a) = -a**2 + 3*a + 3. Let h be q(3). Let c(d) = -5*d**3 - 6*d**2 + 4*d**h + d**2 - 3 - 5*d. Calculate the remainder when c(-4) is divided by 1.
0
Let k(l) = 2*l - 4. Let d be k(4). Let p(v) = v**2 - 2*v - 3. Let u = 13 - 4. Calculate the remainder when u is divided by p(d).
4
Let c(d) = -2*d**3 + 13*d**2 + 8*d - 9. Calculate the remainder when c(6) is divided by 20.
15
Let y(l) = 2*l**2 - 3*l - 2. Let p(k) = -2*k + 2. Let b be p(-3). Suppose -b*n + 60 = -3*n. Calculate the remainder when n is divided by y(3).
5
Let f be (1 - 0)*(-24)/3. Let a be 8/(-6)*12/f. Suppose u = -a*u + 15. What is the remainder when 14 is divided by u?
4
Let q be -29 + (2 + -5)*-1. Let y = 40 + q. Calculate the remainder when y is divided by 8.
6
Suppose -4*s + 20 = s. Suppose -s*h + 5 + 3 = 0. Suppose v = -3*f + 1, -f + 11 = v + h*v. Calculate the remainder when 9 is divided by v.
1
Let x = 21 - 0. Let b(j) = j**3 - 5*j**2 + 4*j - 3. Let l(d) = -d**2 + d + 1. Let p(n) = b(n) - 4*l(n). What is the remainder when p(4) is divided by x?
20
Let j = -2 + 17. Suppose 0 = 3*s + 51 - 225. Calculate the remainder when s is divided by j.
13
Suppose 0 = -2*x - x + 15, 18 = r - 4*x. Let h = 10 + -28. Let t = h + r. What is the remainder when 38 is divided by t?
18
Suppose -2*d = 2*d - 32. Suppose 0 = 4*k - 5*w - 4, -4*k + 3*w = -4 - d. Suppose k*c - 7*c + 13 = 0. Calculate the remainder when c is divided by 7.
6
Let o(h) = 6*h - 55. Let i = -14 + 27. What is the remainder when o(13) is divided by i?
10
Suppose 0 = -15*j + 19*j - 28. What is the remainder when 19 is divided by j?
5
Let w = 27 - 8. Calculate the remainder when 35 is divided by w.
16
Let m(n) = -n**3 + 11*n**2 - 7*n - 20. What is the remainder when 59 is divided by m(10)?
9
Suppose -81 = -3*z + 3*p, -z + 28 = 5*p + 1. Let f = -14 + z. Calculate the remainder when 37 is divided by f.
11
Suppose 3*d = 7 + 20. Calculate the remainder when d is divided by 2.
1
Let o(w) = w**2 - 8*w - 3. Let r be o(8). Let h be 0*r/6 - 1. Let f(a) = -10*a**3 + 2*a**2 + 2*a + 1. What is the remainder when 41 is divided by f(h)?
8
Let t(k) = -16*k - 4. Let n be t(-4). Suppose 0*c - n = -4*c. Let i = c + -5. What is the remainder when 18 is divided by i?
8
Suppose s - 12 = -2*s. What is the remainder when 43 is divided by 378/24 + (-3)/s?
13
Let g = 349 + -188. Calculate the remainder when g is divided by 18.
17
Let k(b) = 2*b - 1. Let d be k(4). Let h(j) = -j**3 + 10*j**2 - 8*j - 2. What is the remainder when h(d) is divided by 30?
29
Let m(o) = 7*o - 67. Calculate the remainder when 71 is divided by m(15).
33
Let n(d) = -16*d + 1. Let m be n(4). Let o(i) = i - 114. Let r be o(0). Let b = m - r. What is the remainder when b is divided by 13?
12
Suppose -2*r = 4*v - 146, 2*v + 2*r - 30 - 48 = 0. What is the remainder when v is divided by 18?
16
What is the remainder when 816/20 + (-2)/(-10) is divided by -5*3*(1 + -2)?
11
Suppose -4*v = f - 34, -58 = -f - 4*v + 6*v. What is the remainder when f is divided by 13?
11
Let o(r) = -3*r - 1. Let j(y) be the first derivative of -y**3/3 + 5*y**2 + 2. Calculate the remainder when o(-9) is divided by j(9).
8
Let l(b) = -b**2 + 5*b + 20. What is the remainder when l(7) is divided by 2?
0
Suppose 3*w = d + 18, 3*w - 2*w = -4*d + 6. Suppose -4*x - a + 64 = 0, 0 = -4*x - 3*a - a + 52. What is the remainder when x is divided by w?
5
Let p = -63 + 102. Let r = -4 + p. Suppose 7*m - r = 2*m. What is the remainder when m is divided by 4?
3
What is the remainder when 7 is divided by 2 - 0*2/6?
1
Let i be (-2)/8 + 34/8. Let w = -3 + i. Let d(p) = 12*p**2 - 2*p + 1. What is the remainder when 20 is divided by d(w)?
9
Let v = -9 + 17. Suppose -3*a + 11 - 42 = -4*k, -5*k - 5*a + 65 = 0. Let z = 32 - k. What is the remainder when z is divided by v?
6
Suppose -2 + 4 = -2*d. Let s(u) = -4*u. Calculate the remainder when 7 is divided by s(d).
3
Suppose -3*c + 0*z + 46 = -5*z, -2*c = -4*z - 34. Let s(r) = 4*r + 1. Calculate the remainder when s(c) is divided by 15.
14
Let l(u) = u**2 - 18*u. Suppose 0 = 5*d - 42 + 7. What is the remainder when l(19) is divided by d?
5
Let l be (1 - 6)*(-3)/5. Suppose 0 = 8*h - l*h, w = 2*h + 10. What is the remainder when 22 is divided by (-24)/w*20/(-6)?
6
What is the remainder when 3*(-2)/(-6) - (7 + -38) is divided by 13?
6
Let t = 103 + -97. Let j be (-1 - -2)/((-3)/(-15)). Suppose w - j*p - 27 = -2*p, -2*p + 59 = 3*w. What is the remainder when w is divided by t?
3
Let q(j) = 3*j**2 + 11*j - 1. Calculate the remainder when q(-6) is divided by 22.
19
Suppose 3*u - 32 - 76 = 0. Calculate the remainder when u is divided by 20.
16
Let o = 19 + -8. What is the remainder when o is divided by 4?
3
Suppose -5*c - 2*m = -m - 213, m + 131 = 3*c. What is the remainder when 126 is divided by c?
40
Let f(k) = -k**3 + 6*k**2 + 8. Calculate the remainder when 10 is divided by f(6).
2
Suppose 16 = -4*f - 8. Let r = 4 - -6. Calculate the remainder when r is divided by (-34)/f + 1/3.
4
Let j = -304 + 322. Let c = 9 - -1. Calculate the remainder when j is divided by c.
8
What is the remainder when 63 is divided by (11/(-4))/(11/(-44))?
8
Let w = 94 - 76. What is the remainder when 71 is divided by w?
17
Let p(s) = s**3 + 8*s**2 + 3*s - 10. Calculate the remainder when 53 is divided by p(-7).
17
Let q = 37 - 24. Let n = 5 + 0. Suppose -3*j + 120 = n*r + j, -r = -5*j - 24. Calculate the remainder when r is divided by q.
11
Let b(n) = n**2 + 2*n - 1. Suppose 3*t - 2 = -3*c + 2*c, t = 3*c - 6. Let z be -1 - (-4 + -1) - c. What is the remainder when 12 is divided by b(z)?
5
Let g(q) = q + 11. Let h be g(-9). Suppose 0 = 2*t + 2*p - h, -3*t - t = 3*p - 8. Let c = t + 5. What is the remainder when 19 is divided by c?
9
Suppose 0 = h - 2*a - 7, -7*h + 2*h + 5 = 5*a. Calculate the remainder when h is divided by ((-6)/(-5))/(16/40).
0
Suppose -g + 18 = -d - 3*d, g + 3*d = 18. What is the remainder when 71 is divided by g?
17
Let o(n) = -6*n - 3. Let k = 7 - 10. Calculate the remainder when 43 is divided by o(k).
13
Suppose -5*i = 5*d - 100, 2*i - 65 = -0*i + 3*d. Let w = i + -12. What is the remainder when 50 is divided by w?
11
Let x(f) = f**3 - 2*f**2 + 4*f + 3. What is the remainder when 17 is divided by x(2)?
6
Suppose 0 = 3*n - 2*t - 94, -4*t + 0*t = 2*n - 84. Calculate the remainder when 101 is divided by n.
33
Let v(g) = 2*g**2 - 3*g. Let i(m) = 2*m**2 + 7*m + 7. What is the remainder when v(4) is divided by i(-4)?
9
Suppose 3*h + 123 = -0*m + 3*m, -m - 2*h = -41. What is the remainder when m is divided by 14?
13
Let t(r) = 4*r. Let n be t(8). Suppose 28 = 4*h - n. Calculate the remainder when 29 is divided by h.
14
Calculate the remainder when 165/(-3)*(-2 - -1) is divided by 29.
26
Suppose -16 = -4*o + 3*c